{"id":943,"date":"2025-05-06T10:26:57","date_gmt":"2025-05-06T08:26:57","guid":{"rendered":"https:\/\/www.improaccademia.it\/?post_type=mec-events&#038;p=943"},"modified":"2025-05-06T10:31:37","modified_gmt":"2025-05-06T08:31:37","slug":"prospettive-665-370-152-281-146-755-275","status":"publish","type":"mec-events","link":"https:\/\/www.improaccademia.it\/index.php\/eventi\/prospettive-665-370-152-281-146-755-275\/","title":{"rendered":"PROSPETTIVE per NINA FESTIVAL"},"content":{"rendered":"\n<p style=\"font-size:16px\">Prospettive \u00e8 uno spettacolo completamente improvvisato a cura delle Ragazze Improva.<br>Domenica 11 maggio 2025<\/p>\n\n\n\n<p style=\"font-size:16px\">I suggerimenti del pubblico saranno gli spunti per creare storie sempre nuove.<\/p>\n\n\n\n<p style=\"font-size:16px\">Potrete ridere o piangere, non lo sappiamo, perch\u00e9 lo spettacolo sar\u00e0 completamente improvvisato.<\/p>\n\n\n\n<p style=\"font-size:16px\">Quando: domenica 11 maggio 2025 ore 20<\/p>\n\n\n\n<p style=\"font-size:16px\">Dove:\u00a0Teatro IDRA <\/p>\n\n\n\n<p style=\"font-size:16px\">Come: Ingresso al NINA Festival tramite donazione di generi alimentari a lunga scadenza (a seguire riportiamo tutte le informazioni necessarie)<\/p>\n\n\n\n<p>&#8212;&#8212;&#8212;&#8212;&#8212;&#8212;&#8212;&#8212;&#8212;&#8211;<\/p>\n\n\n\n<p style=\"font-size:16px;font-style:italic;font-weight:400\"><img loading=\"lazy\" decoding=\"async\" height=\"16\" width=\"16\" alt=\"\ud83d\ude80\" src=\"https:\/\/static.xx.fbcdn.net\/images\/emoji.php\/v9\/tc6\/1\/16\/1f680.png\">&nbsp;COS&#8217;\u00c8 IL &#8220;NINA festival&#8221;<img loading=\"lazy\" decoding=\"async\" height=\"16\" width=\"16\" alt=\"\ud83d\ude80\" src=\"https:\/\/static.xx.fbcdn.net\/images\/emoji.php\/v9\/tc6\/1\/16\/1f680.png\"><br>Il &#8220;NINA Festival&#8221; (Nuove Intese Nuovi Approdi), \u00e8 un evento che appoggia realt\u00e0 che operano in missioni di solidariet\u00e0, in Italia e all&#8217;estero, raccogliendo beni di prima necessit\u00e0.<\/p>\n\n\n\n<p style=\"font-size:16px;font-style:italic;font-weight:400\"><img loading=\"lazy\" decoding=\"async\" height=\"16\" width=\"16\" alt=\"\ud83d\ude80\" src=\"https:\/\/static.xx.fbcdn.net\/images\/emoji.php\/v9\/tc6\/1\/16\/1f680.png\">&nbsp;COME SI ACCEDE<img loading=\"lazy\" decoding=\"async\" height=\"16\" width=\"16\" alt=\"\ud83d\ude80\" src=\"https:\/\/static.xx.fbcdn.net\/images\/emoji.php\/v9\/tc6\/1\/16\/1f680.png\"><br>Per accedere al &#8220;NINA festival&#8221;, al privato cittadino non viene richiesto denaro, ma generi alimentari in base a quanto necessario per le missioni interessate da ogni edizione.<br>NON \u00c8 CONSENTITO ENTRARE CON SOTTOSCRIZIONI ECONOMICHE, MA SOLO CON GENERI ALIMENTARI.<\/p>\n\n\n\n<p style=\"font-size:16px;font-style:italic;font-weight:400\"><img loading=\"lazy\" decoding=\"async\" height=\"16\" width=\"16\" alt=\"\ud83d\ude80\" src=\"https:\/\/static.xx.fbcdn.net\/images\/emoji.php\/v9\/tc6\/1\/16\/1f680.png\">&nbsp;GENERI ALIMENTARI TRA CUI SCEGLIERE CON SCADENZA DA GENNAIO 2026<img loading=\"lazy\" decoding=\"async\" height=\"16\" width=\"16\" alt=\"\ud83d\ude80\" src=\"https:\/\/static.xx.fbcdn.net\/images\/emoji.php\/v9\/tc6\/1\/16\/1f680.png\"><\/p>\n\n\n\n<p style=\"font-size:16px;font-style:italic;font-weight:400\">-Riso<br>-Zucchero<br>-Biscotti<br>-Farina<br>-Marmellata<br>-Miele<br>-Pelati (latta)<br>-Legumi (latta o secchi)<br>-Biscotti<br>-Tonno (no &#8220;easy open&#8221;)<br>-Pasta<br>-Omogeneizzati<br>-Biscotti per la crescita<br>-Pappe<br>-Pastine<br>-Latte in polvere<\/p>\n\n\n\n<p style=\"font-size:16px;font-style:italic;font-weight:400\"><img loading=\"lazy\" decoding=\"async\" height=\"16\" width=\"16\" alt=\"\ud83d\ude80\" src=\"https:\/\/static.xx.fbcdn.net\/images\/emoji.php\/v9\/tc6\/1\/16\/1f680.png\">CHE REALT\u00c0 PARTECIPANO E IN CHE MODO<img loading=\"lazy\" decoding=\"async\" height=\"16\" width=\"16\" alt=\"\ud83d\ude80\" src=\"https:\/\/static.xx.fbcdn.net\/images\/emoji.php\/v9\/tc6\/1\/16\/1f680.png\"><br>Un&#8217;altro aspetto fondamentale del &#8220;NINA festival&#8221; riguarda il fatto che tutte le realt\u00e0 coinvolte donano totalmente la loro azione alla causa.<br>Sono coinvolte realt\u00e0 che hanno il comune obiettivo di aiutare attivamente, mettendosi in relazione l&#8217;una con l&#8217;altra e quindi anche in discussione.<br>Per questo motivo il palinsesto sar\u00e0 il pi\u00f9 variegato ed eterogeneo possibile.<br>Per tutta la durata del festival ci saranno laboratori, dibattiti sui temi pi\u00f9 disparati, talk a seguito di proiezioni cinematografiche, attivit\u00e0 artistiche per bambini di varie et\u00e0, spettacoli teatrali, concerti e stand-up comedy.<br>In loco anche stands per la ristorazione.<br>Evento 100% sostenibile con protocollo &#8220;ZERO SPRECHI&#8221; di &#8220;Zero Waste Italy&#8221;.<\/p>\n\n\n\n<p style=\"font-size:16px;font-style:italic;font-weight:400\"><img loading=\"lazy\" decoding=\"async\" height=\"16\" width=\"16\" src=\"https:\/\/static.xx.fbcdn.net\/images\/emoji.php\/v9\/tc6\/1\/16\/1f680.png\" alt=\"\ud83d\ude80\">CHI SOSTIENE QUESTA EDIZIONE<img loading=\"lazy\" decoding=\"async\" height=\"16\" width=\"16\" src=\"https:\/\/static.xx.fbcdn.net\/images\/emoji.php\/v9\/tc6\/1\/16\/1f680.png\" alt=\"\ud83d\ude80\"><br>Per costruire un evento come questo sono state tante le realt\u00e0 che mi hanno appoggiato, dato che si partiva totalmente da zero.<br>Il Comune di Brescia patrocina l&#8217;evento.<br>Banca Etica, Mandacar\u00fa, Istituto Formativo Archimede, Ristorante Dukka, Birreria La Pulce, Birreria Spine e Solatio Bar hanno sostenuto la parte economica.<br>MO.CA, Teatro Idra, Cooperativa Il Calabrone, Giardino Elettriko, Associazione Festa della Musica, Citt\u00e0 del Sole, Officine Musicali, 5R ZERO SPRECHI e IntegrAmbiente i partner tecnici e organizzativi.<\/p>\n\n\n\n<p style=\"font-size:16px;font-style:italic;font-weight:400\"><img loading=\"lazy\" decoding=\"async\" height=\"16\" width=\"16\" src=\"https:\/\/static.xx.fbcdn.net\/images\/emoji.php\/v9\/tc6\/1\/16\/1f680.png\" alt=\"\ud83d\ude80\">CHI VIENE SOSTENUTO IN QUESTA EDIZIONE<img loading=\"lazy\" decoding=\"async\" height=\"16\" width=\"16\" src=\"https:\/\/static.xx.fbcdn.net\/images\/emoji.php\/v9\/tc6\/1\/16\/1f680.png\" alt=\"\ud83d\ude80\"><br>In questa edizione, l&#8217;evento \u00e8 a sostegno dei progetti e delle missioni di &#8220;Music for Peace&#8221;, organizzazione ideatrice e creatrice dell&#8217;evento principale a Genova.<br>Music for Peace raccoglie beni di prima necessit\u00e0 da inviare in container presso i luoghi dove operano in missione, in questo momento Sudan e, quando ci sar\u00e0 la possibilit\u00e0 di varcare il confine, a Gaza.<br>Questi container, nel momento in cui non passano i confini dei paesi interessati per svariati motivi, tornano a Genova evitando di alimentare il commercio dei container abbandonati.<br>Di seguito il link al sito ufficiale di &#8220;Music for Peace&#8221; &#8211; Genova<\/p>\n\n\n\n<p style=\"font-size:16px;font-style:italic;font-weight:400\">il programma completo del Nina Festival a questo <a href=\"https:\/\/www.facebook.com\/events\/2518721865136660\" data-type=\"link\" data-id=\"https:\/\/www.facebook.com\/events\/2518721865136660\">link<\/a><br><\/p>\n","protected":false},"excerpt":{"rendered":"<p>All&#8217;interno del NINA Festival partecipiamo con: &#8220;Prospettive&#8221; uno spettacolo completamente improvvisato a cura delle Ragazze Improva.<\/p>\n","protected":false},"author":1,"featured_media":945,"comment_status":"closed","ping_status":"closed","template":"","tags":[25,24,23],"mec_category":[17],"class_list":["post-943","mec-events","type-mec-events","status-publish","has-post-thumbnail","hentry","tag-prospettive","tag-ragazze-improva","tag-spettacolo","mec_category-spettacoli"],"_links":{"self":[{"href":"https:\/\/www.improaccademia.it\/index.php\/wp-json\/wp\/v2\/mec-events\/943","targetHints":{"allow":["GET"]}}],"collection":[{"href":"https:\/\/www.improaccademia.it\/index.php\/wp-json\/wp\/v2\/mec-events"}],"about":[{"href":"https:\/\/www.improaccademia.it\/index.php\/wp-json\/wp\/v2\/types\/mec-events"}],"author":[{"embeddable":true,"href":"https:\/\/www.improaccademia.it\/index.php\/wp-json\/wp\/v2\/users\/1"}],"replies":[{"embeddable":true,"href":"https:\/\/www.improaccademia.it\/index.php\/wp-json\/wp\/v2\/comments?post=943"}],"wp:featuredmedia":[{"embeddable":true,"href":"https:\/\/www.improaccademia.it\/index.php\/wp-json\/wp\/v2\/media\/945"}],"wp:attachment":[{"href":"https:\/\/www.improaccademia.it\/index.php\/wp-json\/wp\/v2\/media?parent=943"}],"wp:term":[{"taxonomy":"post_tag","embeddable":true,"href":"https:\/\/www.improaccademia.it\/index.php\/wp-json\/wp\/v2\/tags?post=943"},{"taxonomy":"mec_category","embeddable":true,"href":"https:\/\/www.improaccademia.it\/index.php\/wp-json\/wp\/v2\/mec_category?post=943"}],"curies":[{"name":"wp","href":"https:\/\/api.w.org\/{rel}","templated":true}]}}

<p style="font-size:16px">Prospettive è uno spettacolo completamente improvvisato a cura delle Ragazze Improva.<br>Domenica 11 maggio 2025</p>



<p style="font-size:16px">I suggerimenti del pubblico saranno gli spunti per creare storie sempre nuove.</p>



<p style="font-size:16px">Potrete ridere o piangere, non lo sappiamo, perché lo spettacolo sarà completamente improvvisato.</p>



<p style="font-size:16px">Quando: domenica 11 maggio 2025 ore 20</p>



<p style="font-size:16px">Dove: Teatro IDRA </p>



<p style="font-size:16px">Come: Ingresso al NINA Festival tramite donazione di generi alimentari a lunga scadenza (a seguire riportiamo tutte le informazioni necessarie)</p>



<p>&#8212;&#8212;&#8212;&#8212;&#8212;&#8212;&#8212;&#8212;&#8212;&#8211;</p>



<p style="font-size:16px;font-style:italic;font-weight:400"><img loading="lazy" decoding="async" height="16" width="16" alt="🚀" src="https://static.xx.fbcdn.net/images/emoji.php/v9/tc6/1/16/1f680.png">&nbsp;COS&#8217;È IL &#8220;NINA festival&#8221;<img loading="lazy" decoding="async" height="16" width="16" alt="🚀" src="https://static.xx.fbcdn.net/images/emoji.php/v9/tc6/1/16/1f680.png"><br>Il &#8220;NINA Festival&#8221; (Nuove Intese Nuovi Approdi), è un evento che appoggia realtà che operano in missioni di solidarietà, in Italia e all&#8217;estero, raccogliendo beni di prima necessità.</p>



<p style="font-size:16px;font-style:italic;font-weight:400"><img loading="lazy" decoding="async" height="16" width="16" alt="🚀" src="https://static.xx.fbcdn.net/images/emoji.php/v9/tc6/1/16/1f680.png">&nbsp;COME SI ACCEDE<img loading="lazy" decoding="async" height="16" width="16" alt="🚀" src="https://static.xx.fbcdn.net/images/emoji.php/v9/tc6/1/16/1f680.png"><br>Per accedere al &#8220;NINA festival&#8221;, al privato cittadino non viene richiesto denaro, ma generi alimentari in base a quanto necessario per le missioni interessate da ogni edizione.<br>NON È CONSENTITO ENTRARE CON SOTTOSCRIZIONI ECONOMICHE, MA SOLO CON GENERI ALIMENTARI.</p>



<p style="font-size:16px;font-style:italic;font-weight:400"><img loading="lazy" decoding="async" height="16" width="16" alt="🚀" src="https://static.xx.fbcdn.net/images/emoji.php/v9/tc6/1/16/1f680.png">&nbsp;GENERI ALIMENTARI TRA CUI SCEGLIERE CON SCADENZA DA GENNAIO 2026<img loading="lazy" decoding="async" height="16" width="16" alt="🚀" src="https://static.xx.fbcdn.net/images/emoji.php/v9/tc6/1/16/1f680.png"></p>



<p style="font-size:16px;font-style:italic;font-weight:400">-Riso<br>-Zucchero<br>-Biscotti<br>-Farina<br>-Marmellata<br>-Miele<br>-Pelati (latta)<br>-Legumi (latta o secchi)<br>-Biscotti<br>-Tonno (no &#8220;easy open&#8221;)<br>-Pasta<br>-Omogeneizzati<br>-Biscotti per la crescita<br>-Pappe<br>-Pastine<br>-Latte in polvere</p>



<p style="font-size:16px;font-style:italic;font-weight:400"><img loading="lazy" decoding="async" height="16" width="16" alt="🚀" src="https://static.xx.fbcdn.net/images/emoji.php/v9/tc6/1/16/1f680.png">CHE REALTÀ PARTECIPANO E IN CHE MODO<img loading="lazy" decoding="async" height="16" width="16" alt="🚀" src="https://static.xx.fbcdn.net/images/emoji.php/v9/tc6/1/16/1f680.png"><br>Un&#8217;altro aspetto fondamentale del &#8220;NINA festival&#8221; riguarda il fatto che tutte le realtà coinvolte donano totalmente la loro azione alla causa.<br>Sono coinvolte realtà che hanno il comune obiettivo di aiutare attivamente, mettendosi in relazione l&#8217;una con l&#8217;altra e quindi anche in discussione.<br>Per questo motivo il palinsesto sarà il più variegato ed eterogeneo possibile.<br>Per tutta la durata del festival ci saranno laboratori, dibattiti sui temi più disparati, talk a seguito di proiezioni cinematografiche, attività artistiche per bambini di varie età, spettacoli teatrali, concerti e stand-up comedy.<br>In loco anche stands per la ristorazione.<br>Evento 100% sostenibile con protocollo &#8220;ZERO SPRECHI&#8221; di &#8220;Zero Waste Italy&#8221;.</p>



<p style="font-size:16px;font-style:italic;font-weight:400"><img loading="lazy" decoding="async" height="16" width="16" src="https://static.xx.fbcdn.net/images/emoji.php/v9/tc6/1/16/1f680.png" alt="🚀">CHI SOSTIENE QUESTA EDIZIONE<img loading="lazy" decoding="async" height="16" width="16" src="https://static.xx.fbcdn.net/images/emoji.php/v9/tc6/1/16/1f680.png" alt="🚀"><br>Per costruire un evento come questo sono state tante le realtà che mi hanno appoggiato, dato che si partiva totalmente da zero.<br>Il Comune di Brescia patrocina l&#8217;evento.<br>Banca Etica, Mandacarú, Istituto Formativo Archimede, Ristorante Dukka, Birreria La Pulce, Birreria Spine e Solatio Bar hanno sostenuto la parte economica.<br>MO.CA, Teatro Idra, Cooperativa Il Calabrone, Giardino Elettriko, Associazione Festa della Musica, Città del Sole, Officine Musicali, 5R ZERO SPRECHI e IntegrAmbiente i partner tecnici e organizzativi.</p>



<p style="font-size:16px;font-style:italic;font-weight:400"><img loading="lazy" decoding="async" height="16" width="16" src="https://static.xx.fbcdn.net/images/emoji.php/v9/tc6/1/16/1f680.png" alt="🚀">CHI VIENE SOSTENUTO IN QUESTA EDIZIONE<img loading="lazy" decoding="async" height="16" width="16" src="https://static.xx.fbcdn.net/images/emoji.php/v9/tc6/1/16/1f680.png" alt="🚀"><br>In questa edizione, l&#8217;evento è a sostegno dei progetti e delle missioni di &#8220;Music for Peace&#8221;, organizzazione ideatrice e creatrice dell&#8217;evento principale a Genova.<br>Music for Peace raccoglie beni di prima necessità da inviare in container presso i luoghi dove operano in missione, in questo momento Sudan e, quando ci sarà la possibilità di varcare il confine, a Gaza.<br>Questi container, nel momento in cui non passano i confini dei paesi interessati per svariati motivi, tornano a Genova evitando di alimentare il commercio dei container abbandonati.<br>Di seguito il link al sito ufficiale di &#8220;Music for Peace&#8221; &#8211; Genova</p>



<p style="font-size:16px;font-style:italic;font-weight:400">il programma completo del Nina Festival a questo <a href="https://www.facebook.com/events/2518721865136660" data-type="link" data-id="https://www.facebook.com/events/2518721865136660">link</a><br></p>
